2*x - 18. What is the remainder when x is divided by h?
2
Let a = -105 - -75. What is the remainder when 53 is divided by 22/3 + (-20)/a?
5
Let k(l) = -463*l - 2199. What is the remainder when k(-10) is divided by 12?
7
Calculate the remainder when ((-7)/(-2))/((-49)/(-24598)) is divided by 36.
29
Suppose 0 = 208*a - 83362 - 202222. What is the remainder when a is divided by 6?
5
What is the remainder when 520 - ((11 - 19) + 19) is divided by 85?
84
Suppose 2*x - 25*j - 152 = -29*j, 288 = 4*x + 4*j. Calculate the remainder when 287 is divided by x.
15
Let a(v) = 12*v**2 - 42*v + 3. Let n be a(4). Let o(b) = b**2 - 34*b + 219. Calculate the remainder when 149 is divided by o(n).
29
Let r = -3223 - -3230. What is the remainder when 76 is divided by r?
6
What is the remainder when 26362 is divided by 2 + (-4 - (-14 + 0))/(20/100)?
50
Let t be (-13)/(65/20) + 6. Let s = 50 - t. What is the remainder when s is divided by 13?
9
Let p(d) = 2*d**2 - 21*d - 36. Let h be p(12). Suppose h = 28*k - 33*k - 4*l + 628, 4*l = 4*k - 524. What is the remainder when k is divided by 22?
18
Suppose 1345 = -25*q + 190*q - 32810. Let s = 54 + -24. Calculate the remainder when q is divided by s.
27
Let q = -106 + -147. Let h = q + 268. Calculate the remainder when 164 is divided by h.
14
Suppose 2*l = 6*x + 150, 10*l + 4*x = 12*l - 150. What is the remainder when l is divided by 19?
18
Suppose -14*a = 6*a - 3*a. Suppose -26*m + 10*m + 1008 = a. Calculate the remainder when m is divided by 17.
12
Let g = 18 - 12. Let v = g - -1. Suppose -39*u + 1414 = 673. What is the remainder when u is divided by v?
5
Let s(g) = -17*g + 1663. Let u(p) = 5*p - 554. Let w(d) = -2*s(d) - 7*u(d). Let c be w(0). What is the remainder when 34 is divided by c/90 + (-2)/15?
4
Suppose 12*r = 4*z + 9*r - 1746, -1744 = -4*z + 4*r. What is the remainder when z is divided by 22?
20
Let s(z) = -13 - 10 - 2 + z**3 + 15*z + 18*z**2. Calculate the remainder when s(-17) is divided by 2.
1
Let i be ((1/2)/(2/16))/2. Suppose i*z = -21 + 5. Let d = 49 - z. Calculate the remainder when d is divided by 10.
7
Let r = -3822 - -6858. Calculate the remainder when r is divided by 55.
11
Let o = 5987 - 5956. What is the remainder when 223 is divided by o?
6
What is the remainder when 463 is divided by (4737/(-19))/(-3) - (56/(-76))/(-7)?
48
Let y(z) = 2*z**2 - 33*z + 1179. Calculate the remainder when y(20) is divided by 12.
11
Let d = -338 + 328. Calculate the remainder when 195 is divided by (d/4 + 3)/(13/234).
6
Let c = 3190 + -2534. Calculate the remainder when c is divided by 55.
51
Let w(d) = -4 + 5*d + 2*d**2 + 0*d**2 - d**2. Calculate the remainder when w(-7) is divided by (-33)/(-55)*((-3)/(-3) + 4).
1
Let u = -3538 - -3835. What is the remainder when u is divided by 71?
13
Suppose -8 + 18 = 2*d. Suppose -d*u - 16 = -u, 5*q = 5*u + 35. Calculate the remainder when 56 is divided by 121/4 - q/12.
26
Let y(f) = f + 14. Let w be y(-11). Suppose -12*z + 360 = w*z. Suppose -6*l = -0 - z. Calculate the remainder when 41 is divided by l.
1
Let w(b) = -b**3 + b**2 + 4*b + 702. Calculate the remainder when w(0) is divided by 105.
72
Suppose 0 = -2*n - 5*w + 3422, -199*w = 3*n - 202*w - 5049. What is the remainder when n is divided by 113?
109
Let k = -35 - -213. Suppose 93208 = 624*v + 904*v. What is the remainder when k is divided by v?
56
Let j(h) = -2*h - 6. Let m(n) = n**3 + 5*n**2 - 3*n + 8. Let v be m(-6). Calculate the remainder when 138 is divided by j(v).
12
Let l = 132 + -73. Let f = 598 - 245. Calculate the remainder when f is divided by l.
58
Let z be ((-18)/10)/(16/(-1440)). Suppose -4*f + 31 = -77. What is the remainder when (z/243)/(2 + (-472)/237) is divided by f?
25
Let q = -14 - -26. Let v(n) = -4*n + 68. Let l(j) = -8*j + 141. Let t(x) = -3*l(x) + 7*v(x). Calculate the remainder when t(q) is divided by 4.
1
Suppose -4*q - 557 = 5*j, 5*q - 11 = -4*j - 453. Let a = j + 132. Calculate the remainder when 49 is divided by a.
11
Let u(c) = 27*c - 80. Let h(j) = 7*j**2 - 8*j - 78. Calculate the remainder when h(-5) is divided by u(4).
25
Let m = 10479 + -10237. What is the remainder when m is divided by 76?
14
Suppose -227*v + 102*v + 580250 = 0. What is the remainder when v is divided by 129?
127
Suppose -53*w + 5117 = -14*w + 4*w. What is the remainder when 1768 is divided by w?
102
Let q(z) = -13*z**2 - 40*z + 4. Let h be (15/(-12) + 2)*12. Suppose 0*a = -3*a + h. Calculate the remainder when q(-3) is divided by a.
1
Let x(p) = p**2 - 92*p - 123. Calculate the remainder when 218 is divided by x(94).
23
Let d be 17/136 + (-4318)/(-16). Suppose 0 = -w + 3*w + q - 183, 3*w + 3*q - d = 0. Calculate the remainder when w is divided by 48.
45
Suppose 98 = -914*f + 915*f. Suppose 80 = 6*m - 2*m. What is the remainder when f is divided by m?
18
Calculate the remainder when 779 is divided by 12177/492*(-48)/(-9).
119
Calculate the remainder when (12/9)/(952/474 - 6/3) is divided by 61.
36
Suppose -4*o + 5008 = -4*q, -5*o + 2*q + 3758 + 2514 = 0. Calculate the remainder when o is divided by 36.
32
Suppose -112 = -2*r + 3*m, 190 = 3*r + 3*m - 2*m. Calculate the remainder when (-930)/(-5) + 4 + -5 + -5 is divided by r.
56
Let b(k) = 1235*k + 4952. Suppose -g + 29 + 136 = 0. Calculate the remainder when g is divided by b(-4).
9
Let q(z) = -113*z + 8325. Calculate the remainder when q(-8) is divided by 130.
129
Let s(b) = b**3 - 13*b**2 + 13*b + 5. Let f = -25 - -37. Suppose -5*z = 5, -2*z = 3*g - 228 + 38. What is the remainder when g is divided by s(f)?
13
Suppose -2*z - 3*y + 45 = 0, z - 55*y + 51*y - 17 = 0. What is the remainder when 186 is divided by z?
18
Let y = -150 + 129. What is the remainder when (-10)/(y/(-63)*6/(-8)) is divided by 15?
10
Suppose 334 = 4*x + 2*l, 4*x + 5*l = 307 + 30. Calculate the remainder when x is divided by (11 - 3) + (12 - 24 - -21).
15
Let u(g) = -g**3 - g**2 + g. Let p be u(-3). Let a = p - 11. What is the remainder when a is divided by 3?
1
Let s = -908 + 918. Calculate the remainder when 108 is divided by 98/s + (-414)/(-45) + -9.
8
Let z = -226 - -393. Let a = z + 38. Calculate the remainder when a is divided by 26.
23
Let p(c) = 10*c - 22. Let z be p(5). Let o = -28 + z. Let m(y) = y**2 - y + 19. Calculate the remainder when m(o) is divided by 10.
9
Let x(q) = q**2 + 6*q + 1. Let y be x(-7). Let b(i) = 17 - y + 7*i + 3*i**2 - 4*i**2. What is the remainder when b(5) is divided by 5?
4
Let r = 566 + -1303. Let a = r - -795. Calculate the remainder when a is divided by 58.
0
Suppose 0 = 2*j - b - 300, 33*b - 443 = -3*j + 38*b. Calculate the remainder when j is divided by 46.
13
Suppose 3*n - 37 = 62. What is the remainder when n is divided by ((-8)/(-10))/(64/120 - 20/60)?
1
Let l(z) = z**2 - 5*z - 47. Let o be l(10). Let q(v) = 67*v - 139. Suppose 5*b = 3*b + 494. What is the remainder when b is divided by q(o)?
61
Let z(n) = n**3 - n**2 + 2*n + 28. Let j be z(0). Suppose -6*l = j*l - 1156. Calculate the remainder when 199 is divided by l.
29
Suppose 86*u + 3567 = -46*u + 14919. Calculate the remainder when 3181 is divided by u.
85
Suppose -408 = -5*j + 3*j. Let h = 149 + 57. Let i = 247 - h. Calculate the remainder when j is divided by i.
40
Let b = -830 - -1221. Calculate the remainder when b is divided by 29.
14
Suppose -658 - 1178 = -16*w - 124. Calculate the remainder when 441 is divided by w.
13
What is the remainder when 4440 is divided by 2*(-3)/(-11) - (-31488)/1804?
12
Let i = -83433 + 83528. What is the remainder when i is divided by (-2)/7 + 132/21?
5
Suppose -4*s = -4*x - 29 + 1, 0 = 5*s - 3*x - 35. Let z(m) = -m**2 + 100*m + 2640. What is the remainder when z(-21) is divided by 138/s - 4/(-14)?
19
Suppose 0 = -2*q - 0*q + v + 12, 4*q - v - 22 = 0. Suppose s - 17 = 4*u + 29, -42 = -s + q*u. What is the remainder when s is divided by 28?
6
Suppose -910 = 3*d + 215. Let r be (d/(-6))/((-2)/16). Calculate the remainder when (3 + -2)/(-3 + r/(-166)) is divided by 42.
41
Suppose -2*i = 73*r - 74*r - 3579, -4*i - 5*r + 7207 = 0. What is the remainder when 5383 is divided by i?
4
Let j(o) = o**3 - 25*o**2 + 34*o + 35. Let a be j(23). Let p = a + 314. Calculate the remainder when p is divided by 44.
29
Let d be (88/(-16))/(-11)*788. Let i = d - 369. What is the r